{"id":16221,"date":"2025-06-20T08:23:27","date_gmt":"2025-06-20T08:23:27","guid":{"rendered":"https:\/\/improven.com\/?page_id=16221"},"modified":"2025-06-20T08:35:04","modified_gmt":"2025-06-20T08:35:04","slug":"descarga-la-presentacion-corporativa","status":"publish","type":"page","link":"https:\/\/improven.com\/cat\/descarga-la-presentacion-corporativa\/","title":{"rendered":"Descarrega la presentaci\u00f3 corporativa"},"content":{"rendered":"<div data-elementor-type=\"wp-page\" data-elementor-id=\"16221\" class=\"elementor elementor-16221\" data-elementor-post-type=\"page\">\n\t\t\t\t\t\t\t<div class=\"elementor-element elementor-element-4f58bb4 e-flex e-con-boxed e-con e-parent\" data-id=\"4f58bb4\" data-element_type=\"container\" data-settings=\"{&quot;content_width&quot;:&quot;boxed&quot;}\" data-core-v316-plus=\"true\">\n\t\t\t\t\t<div class=\"e-con-inner\">\n\t\t<div class=\"elementor-element elementor-element-9fa5aed e-con-full e-flex e-con e-child\" data-id=\"9fa5aed\" data-element_type=\"container\" data-settings=\"{&quot;content_width&quot;:&quot;full&quot;}\">\n\t\t\t\t<div class=\"elementor-element elementor-element-8c895e9 elementor-widget elementor-widget-image\" data-id=\"8c895e9\" data-element_type=\"widget\" data-widget_type=\"image.default\">\n\t\t\t\t<div class=\"elementor-widget-container\">\n\t\t\t<style>\/*! elementor - v3.17.0 - 01-11-2023 *\/\n.elementor-widget-image{text-align:center}.elementor-widget-image a{display:inline-block}.elementor-widget-image a img[src$=\".svg\"]{width:48px}.elementor-widget-image img{vertical-align:middle;display:inline-block}<\/style>\t\t\t\t\t\t\t\t\t\t\t\t<img loading=\"lazy\" decoding=\"async\" width=\"800\" height=\"600\" src=\"https:\/\/improven.com\/wp-content\/uploads\/2025\/06\/ipad-pro-mockup-1024x768.png\" class=\"attachment-large size-large wp-image-16223\" alt=\"\" srcset=\"https:\/\/improven.com\/wp-content\/uploads\/2025\/06\/ipad-pro-mockup-1024x768.png 1024w, https:\/\/improven.com\/wp-content\/uploads\/2025\/06\/ipad-pro-mockup-300x225.png 300w, https:\/\/improven.com\/wp-content\/uploads\/2025\/06\/ipad-pro-mockup-768x576.png 768w, https:\/\/improven.com\/wp-content\/uploads\/2025\/06\/ipad-pro-mockup-1536x1152.png 1536w, https:\/\/improven.com\/wp-content\/uploads\/2025\/06\/ipad-pro-mockup-2048x1536.png 2048w, https:\/\/improven.com\/wp-content\/uploads\/2025\/06\/ipad-pro-mockup-16x12.png 16w\" sizes=\"auto, (max-width: 800px) 100vw, 800px\" \/>\t\t\t\t\t\t\t\t\t\t\t\t\t\t\t<\/div>\n\t\t\t\t<\/div>\n\t\t\t\t<div class=\"elementor-element elementor-element-3668b5d elementor-widget elementor-widget-text-editor\" data-id=\"3668b5d\" data-element_type=\"widget\" data-widget_type=\"text-editor.default\">\n\t\t\t\t<div class=\"elementor-widget-container\">\n\t\t\t<style>\/*! elementor - v3.17.0 - 01-11-2023 *\/\n.elementor-widget-text-editor.elementor-drop-cap-view-stacked .elementor-drop-cap{background-color:#69727d;color:#fff}.elementor-widget-text-editor.elementor-drop-cap-view-framed .elementor-drop-cap{color:#69727d;border:3px solid;background-color:transparent}.elementor-widget-text-editor:not(.elementor-drop-cap-view-default) .elementor-drop-cap{margin-top:8px}.elementor-widget-text-editor:not(.elementor-drop-cap-view-default) .elementor-drop-cap-letter{width:1em;height:1em}.elementor-widget-text-editor .elementor-drop-cap{float:left;text-align:center;line-height:1;font-size:50px}.elementor-widget-text-editor .elementor-drop-cap-letter{display:inline-block}<\/style>\t\t\t\t<h2><strong><span style=\"font-size: large;\">Improven: Resultor\u00eda\u00ae para transformar tu empresa<\/span><\/strong><\/h2><div><p>En Improven no hacemos solo consultor\u00eda: hacemos Resultor\u00eda\u00ae. Acompa\u00f1amos a empresarios y directivos para mejorar sus resultados con un enfoque pr\u00e1ctico, transversal y orientado a la acci\u00f3n.<\/p><ul><li>Transformamos estrategia, cultura, operaciones y procesos.<\/li><li>M\u00e1s de 700 proyectos con impacto en rentabilidad, eficiencia y crecimiento sostenible.<\/li><li>Empresas l\u00edderes de todos los sectores ya conf\u00edan en nosotros.<\/li><li>Mejores empresas, para un mundo mejor.<\/li><\/ul><\/div>\t\t\t\t\t\t<\/div>\n\t\t\t\t<\/div>\n\t\t\t\t<\/div>\n\t\t<div class=\"elementor-element elementor-element-1b99299 e-con-full e-flex e-con e-child\" data-id=\"1b99299\" data-element_type=\"container\" data-settings=\"{&quot;content_width&quot;:&quot;full&quot;}\">\n\t\t\t\t<div class=\"elementor-element elementor-element-a6457ba form-descarga elementor-widget elementor-widget-html\" data-id=\"a6457ba\" data-element_type=\"widget\" data-widget_type=\"html.default\">\n\t\t\t\t<div class=\"elementor-widget-container\">\n\t\t\t<div\n\n        data-form-id='d3dd0f87-9a25-f011-8c4e-6045bde017c0'\n\n        data-form-api-url='https:\/\/public-eur.mkt.dynamics.com\/api\/v1.0\/orgs\/ea60db89-2c28-46f6-8b35-e0d249894d4f\/landingpageforms'\n\n        data-cached-form-url='https:\/\/assets1-eur.mkt.dynamics.com\/ea60db89-2c28-46f6-8b35-e0d249894d4f\/digitalassets\/forms\/d3dd0f87-9a25-f011-8c4e-6045bde017c0' ><\/div>\n\n        <script src = 'https:\/\/cxppusa1formui01cdnsa01-endpoint.azureedge.net\/eur\/FormLoader\/FormLoader.bundle.js' ><\/script>\t\t<\/div>\n\t\t\t\t<\/div>\n\t\t\t\t<\/div>\n\t\t\t\t\t<\/div>\n\t\t\t\t<\/div>\n\t\t\t\t\t\t\t<\/div>","protected":false},"excerpt":{"rendered":"<p>Improven: Resultor\u00eda\u00ae para transformar tu empresa En Improven no hacemos solo consultor\u00eda: hacemos Resultor\u00eda\u00ae. Acompa\u00f1amos a empresarios y directivos para mejorar sus resultados con un enfoque pr\u00e1ctico, transversal y orientado a la acci\u00f3n. Transformamos estrategia, cultura, operaciones y procesos. M\u00e1s de 700 proyectos con impacto en rentabilidad, eficiencia y crecimiento sostenible. Empresas l\u00edderes de todos [&hellip;]<\/p>","protected":false},"author":45,"featured_media":0,"parent":0,"menu_order":0,"comment_status":"closed","ping_status":"closed","template":"","meta":{"_acf_changed":false,"footnotes":""},"class_list":["post-16221","page","type-page","status-publish","hentry"],"acf":[],"yoast_head":"<!-- This site is optimized with the Yoast SEO plugin v21.2 - https:\/\/yoast.com\/wordpress\/plugins\/seo\/ -->\n<title>Descarga la presentaci\u00f3n corporativa - Improven<\/title>\n<meta name=\"robots\" content=\"index, follow, max-snippet:-1, max-image-preview:large, max-video-preview:-1\" \/>\n<link rel=\"canonical\" href=\"https:\/\/improven.com\/cat\/descarga-la-presentacion-corporativa\/\" \/>\n<meta property=\"og:locale\" content=\"ca_ES\" \/>\n<meta property=\"og:type\" content=\"article\" \/>\n<meta property=\"og:title\" content=\"Descarga la presentaci\u00f3n corporativa - Improven\" \/>\n<meta property=\"og:description\" content=\"Improven: Resultor\u00eda\u00ae para transformar tu empresa En Improven no hacemos solo consultor\u00eda: hacemos Resultor\u00eda\u00ae. Acompa\u00f1amos a empresarios y directivos para mejorar sus resultados con un enfoque pr\u00e1ctico, transversal y orientado a la acci\u00f3n. Transformamos estrategia, cultura, operaciones y procesos. M\u00e1s de 700 proyectos con impacto en rentabilidad, eficiencia y crecimiento sostenible. Empresas l\u00edderes de todos [&hellip;]\" \/>\n<meta property=\"og:url\" content=\"https:\/\/improven.com\/cat\/descarga-la-presentacion-corporativa\/\" \/>\n<meta property=\"og:site_name\" content=\"Improven\" \/>\n<meta property=\"article:modified_time\" content=\"2025-06-20T08:35:04+00:00\" \/>\n<meta property=\"og:image\" content=\"https:\/\/improven.com\/wp-content\/uploads\/2025\/06\/ipad-pro-mockup-1024x768.png\" \/>\n<meta name=\"twitter:card\" content=\"summary_large_image\" \/>\n<meta name=\"twitter:label1\" content=\"Temps estimat de lectura\" \/>\n\t<meta name=\"twitter:data1\" content=\"1 minut\" \/>\n<script type=\"application\/ld+json\" class=\"yoast-schema-graph\">{\"@context\":\"https:\/\/schema.org\",\"@graph\":[{\"@type\":\"WebPage\",\"@id\":\"https:\/\/improven.com\/cat\/descarga-la-presentacion-corporativa\/\",\"url\":\"https:\/\/improven.com\/cat\/descarga-la-presentacion-corporativa\/\",\"name\":\"Descarga la presentaci\u00f3n corporativa - Improven\",\"isPartOf\":{\"@id\":\"https:\/\/improven.com\/cat\/#website\"},\"datePublished\":\"2025-06-20T08:23:27+00:00\",\"dateModified\":\"2025-06-20T08:35:04+00:00\",\"inLanguage\":\"ca\",\"potentialAction\":[{\"@type\":\"ReadAction\",\"target\":[\"https:\/\/improven.com\/cat\/descarga-la-presentacion-corporativa\/\"]}]},{\"@type\":\"WebSite\",\"@id\":\"https:\/\/improven.com\/cat\/#website\",\"url\":\"https:\/\/improven.com\/cat\/\",\"name\":\"Improven\",\"description\":\"\",\"potentialAction\":[{\"@type\":\"SearchAction\",\"target\":{\"@type\":\"EntryPoint\",\"urlTemplate\":\"https:\/\/improven.com\/cat\/?s={search_term_string}\"},\"query-input\":\"required name=search_term_string\"}],\"inLanguage\":\"ca\"}]}<\/script>\n<!-- \/ Yoast SEO plugin. -->","yoast_head_json":{"title":"Descarga la presentaci\u00f3n corporativa - Improven","robots":{"index":"index","follow":"follow","max-snippet":"max-snippet:-1","max-image-preview":"max-image-preview:large","max-video-preview":"max-video-preview:-1"},"canonical":"https:\/\/improven.com\/cat\/descarga-la-presentacion-corporativa\/","og_locale":"ca_ES","og_type":"article","og_title":"Descarga la presentaci\u00f3n corporativa - Improven","og_description":"Improven: Resultor\u00eda\u00ae para transformar tu empresa En Improven no hacemos solo consultor\u00eda: hacemos Resultor\u00eda\u00ae. Acompa\u00f1amos a empresarios y directivos para mejorar sus resultados con un enfoque pr\u00e1ctico, transversal y orientado a la acci\u00f3n. Transformamos estrategia, cultura, operaciones y procesos. M\u00e1s de 700 proyectos con impacto en rentabilidad, eficiencia y crecimiento sostenible. Empresas l\u00edderes de todos [&hellip;]","og_url":"https:\/\/improven.com\/cat\/descarga-la-presentacion-corporativa\/","og_site_name":"Improven","article_modified_time":"2025-06-20T08:35:04+00:00","og_image":[{"url":"https:\/\/improven.com\/wp-content\/uploads\/2025\/06\/ipad-pro-mockup-1024x768.png"}],"twitter_card":"summary_large_image","twitter_misc":{"Temps estimat de lectura":"1 minut"},"schema":{"@context":"https:\/\/schema.org","@graph":[{"@type":"WebPage","@id":"https:\/\/improven.com\/cat\/descarga-la-presentacion-corporativa\/","url":"https:\/\/improven.com\/cat\/descarga-la-presentacion-corporativa\/","name":"Descarga la presentaci\u00f3n corporativa - Improven","isPartOf":{"@id":"https:\/\/improven.com\/cat\/#website"},"datePublished":"2025-06-20T08:23:27+00:00","dateModified":"2025-06-20T08:35:04+00:00","inLanguage":"ca","potentialAction":[{"@type":"ReadAction","target":["https:\/\/improven.com\/cat\/descarga-la-presentacion-corporativa\/"]}]},{"@type":"WebSite","@id":"https:\/\/improven.com\/cat\/#website","url":"https:\/\/improven.com\/cat\/","name":"Improven","description":"","potentialAction":[{"@type":"SearchAction","target":{"@type":"EntryPoint","urlTemplate":"https:\/\/improven.com\/cat\/?s={search_term_string}"},"query-input":"required name=search_term_string"}],"inLanguage":"ca"}]}},"_links":{"self":[{"href":"https:\/\/improven.com\/cat\/wp-json\/wp\/v2\/pages\/16221","targetHints":{"allow":["GET"]}}],"collection":[{"href":"https:\/\/improven.com\/cat\/wp-json\/wp\/v2\/pages"}],"about":[{"href":"https:\/\/improven.com\/cat\/wp-json\/wp\/v2\/types\/page"}],"author":[{"embeddable":true,"href":"https:\/\/improven.com\/cat\/wp-json\/wp\/v2\/users\/45"}],"replies":[{"embeddable":true,"href":"https:\/\/improven.com\/cat\/wp-json\/wp\/v2\/comments?post=16221"}],"version-history":[{"count":0,"href":"https:\/\/improven.com\/cat\/wp-json\/wp\/v2\/pages\/16221\/revisions"}],"wp:attachment":[{"href":"https:\/\/improven.com\/cat\/wp-json\/wp\/v2\/media?parent=16221"}],"curies":[{"name":"wp","href":"https:\/\/api.w.org\/{rel}","templated":true}]}}